{"id":129,"date":"2020-05-31T12:05:20","date_gmt":"2020-05-31T12:05:20","guid":{"rendered":"https:\/\/salamancamandala.com\/?page_id=129"},"modified":"2026-03-25T23:16:44","modified_gmt":"2026-03-25T21:16:44","slug":"zumos-naturales","status":"publish","type":"page","link":"https:\/\/salamancamandala.com\/?page_id=129","title":{"rendered":"Zumos Naturales"},"content":{"rendered":"\n<h2 class=\"wp-block-heading\"><span style=\"background-color:rgba(0, 0, 0, 0)\" class=\"has-inline-color has-pale-pink-color\"><strong>ZUMOS<\/strong> Naturales<\/span><\/h2>\n\n\n\n<figure class=\"wp-block-table is-style-regular\"><table class=\"has-background\" style=\"background-color:#fcf0ef\"><tbody><tr><td>1. Zumo de Mel\u00f3n con Lim\u00f3n<br>2. Zumo de Naranja con Fresas<br>3. Zumo de Naranja con Pl\u00e1tano<br>4. Zumo de Naranja con Melocot\u00f3n<br>5. Zumo de Naranja con Pi\u00f1a<br>6. Zumo de Naranja con Mango<br>7. Zumo de Naranja con Zanahoria<br>8. Zumo de Naranja con Lim\u00f3n<br>9. Zumo de Naranja con kiwi<br>10. Zumo de Naranja con Frambuesa<br>11. Zumo de Naranja con Ar\u00e1ndanos<br>12. Zumo de Naranja con Grosellas<br>13. Zumo de Naranja con Moras<br>14. Zumo de Manzana con Zanahoria<br>15. Zumo de Manzana con Pi\u00f1a<br>16. Zumo de Manzana con Pera<br>17. Zumo de Manzana con Fresa<br>18 Zumo de Manzana con Frambuesa<br>19. Zumo de Manzana con Grosella<br>20. Zumo de Manzana con Meolocot\u00f3n<br>21. Zumo de Manzana con Ar\u00e1ndanos<br>22. Zumo de Pi\u00f1a con Pera<br>23. Zumo de Pi\u00f1a con Melocot\u00f3n<br>24. Zumo de Pi\u00f1a con Kiwi<br>25. Zumo de Pi\u00f1a con Frambuesa<br>26. Zumo de Pi\u00f1a con Fresas<br>27. Zumo de Pi\u00f1a con Ar\u00e1ndanos<br>28. Zumo de Melocot\u00f3n con Ar\u00e1ndanos<br>29. Zumo de Melocot\u00f3n con Fresas<br>30. Zumo de Mango con Fresas<br>31. Zumo de Mango con Pi\u00f1a<br>32. Zumo de Mango con Kiwi<br>33. Zumo de Mango con Melocot\u00f3n<br>34. Zumo de Mango con Frambuesa<br>35. Zumo de Mango con Ar\u00e1ndanos<br>36. Zumo de Pl\u00e1tano con Mango<br>37. Zumo de Pl\u00e1tano con Melocot\u00f3n <br>38. Zumo de Pl\u00e1tano con Fresas<br>39. Zumo de Pl\u00e1tano con Ar\u00e1ndanos<br>40. Zumo de Pl\u00e1tano con Pera<\/td><td>5,90\u20ac<\/td><\/tr><\/tbody><\/table><\/figure>\n\n\n\n<figure class=\"wp-block-table is-style-regular\"><table class=\"has-background\" style=\"background-color:#fcf0ef\"><tbody><tr><td>41. Zumo de Pl\u00e1tano, Ar\u00e1ndanos y Pi\u00f1a<br>42. Zumo de Pera, Melocot\u00f3n y Pl\u00e1tano <br>43. Zumo de Pera, Kiwi y Pl\u00e1tano <br>44. Zumo de Pera, Mel\u00f3n y Melocot\u00f3n <br>45. Zumo de Pi\u00f1a, Kiwi y Pl\u00e1tano <br>46. Zumo de Pi\u00f1a, Manzana y Fresas <br>47. Zumo de Pi\u00f1a, Naranja y Frambuesa <br>48. Zumo de Pi\u00f1a, Fresas y Pl\u00e1tano <br>49. Zumo de Manzana, Grosellas y Miel <br>50. Zumo de Mel\u00f3n, Naranja y Fresas <br>51. Zumo de Mel\u00f3n, Mango y Fresas <br>52. Zumo de Pl\u00e1tano, Kiwi y Mango <br>53. Zumo de Naranja, Pi\u00f1a y Arandanos <br>54. Zumo de Naranja, Platano y Fresa <\/td><td>6,20\u20ac<\/td><\/tr><\/tbody><\/table><\/figure>\n\n\n\n<h2 class=\"wp-block-heading\"><span style=\"background-color:rgba(0, 0, 0, 0)\" class=\"has-inline-color has-vivid-purple-color\"><strong>ZUMOS<\/strong> de fruta Natural (Un sabor a elegir)<\/span><\/h2>\n\n\n\n<figure class=\"wp-block-table\"><table class=\"has-background\" style=\"background-color:#fcf0ef\"><thead><tr><th>Fruta<\/th><th>Precio<\/th><\/tr><\/thead><tbody><tr><td>Naranja<\/td><td>3,20\u20ac<\/td><\/tr><tr><td>Fresa, pl\u00e1tano, manzana, pera,<br>pi\u00f1a, melocot\u00f3n, kiwi, mel\u00f3n,<br>lim\u00f3n, sand\u00eda, zanahoria, frambuesa o mango<\/td><td><strong><span style=\"background-color:rgba(0, 0, 0, 0)\" class=\"has-inline-color has-pale-pink-color\">4,60\u20ac<\/span><\/strong> <\/td><\/tr><tr><td><span class=\"has-inline-color has-vivid-green-cyan-color\">Zumo verde: mel\u00f3n, lim\u00f3n y hierbabuena<\/span><\/td><td>6,20\u20ac<\/td><\/tr><tr><td><span class=\"has-inline-color has-light-green-cyan-color\">Zumo verde: pera, manzana, pi\u00f1a y hierbabuena. <\/span><\/td><td>7,30\u20ac<\/td><\/tr><\/tbody><\/table><\/figure>\n\n\n\n<p><\/p>\n","protected":false},"excerpt":{"rendered":"<p>ZUMOS Naturales 1. Zumo de Mel\u00f3n con Lim\u00f3n2. Zumo de Naranja con Fresas3. Zumo de Naranja con Pl\u00e1tano4. Zumo de Naranja con Melocot\u00f3n5. Zumo de Naranja con Pi\u00f1a6. Zumo de Naranja con Mango7. Zumo de Naranja con Zanahoria8. Zumo de Naranja con Lim\u00f3n9. Zumo de Naranja con kiwi10. Zumo de Naranja con Frambuesa11. Zumo de &hellip; <\/p>\n<p class=\"link-more\"><a href=\"https:\/\/salamancamandala.com\/?page_id=129\" class=\"more-link\">Continuar leyendo<span class=\"screen-reader-text\"> \u00abZumos Naturales\u00bb<\/span><\/a><\/p>\n","protected":false},"author":1,"featured_media":130,"parent":0,"menu_order":0,"comment_status":"closed","ping_status":"closed","template":"","meta":{"footnotes":""},"class_list":["post-129","page","type-page","status-publish","has-post-thumbnail","hentry"],"_links":{"self":[{"href":"https:\/\/salamancamandala.com\/index.php?rest_route=\/wp\/v2\/pages\/129","targetHints":{"allow":["GET"]}}],"collection":[{"href":"https:\/\/salamancamandala.com\/index.php?rest_route=\/wp\/v2\/pages"}],"about":[{"href":"https:\/\/salamancamandala.com\/index.php?rest_route=\/wp\/v2\/types\/page"}],"author":[{"embeddable":true,"href":"https:\/\/salamancamandala.com\/index.php?rest_route=\/wp\/v2\/users\/1"}],"replies":[{"embeddable":true,"href":"https:\/\/salamancamandala.com\/index.php?rest_route=%2Fwp%2Fv2%2Fcomments&post=129"}],"version-history":[{"count":33,"href":"https:\/\/salamancamandala.com\/index.php?rest_route=\/wp\/v2\/pages\/129\/revisions"}],"predecessor-version":[{"id":1250,"href":"https:\/\/salamancamandala.com\/index.php?rest_route=\/wp\/v2\/pages\/129\/revisions\/1250"}],"wp:featuredmedia":[{"embeddable":true,"href":"https:\/\/salamancamandala.com\/index.php?rest_route=\/wp\/v2\/media\/130"}],"wp:attachment":[{"href":"https:\/\/salamancamandala.com\/index.php?rest_route=%2Fwp%2Fv2%2Fmedia&parent=129"}],"curies":[{"name":"wp","href":"https:\/\/api.w.org\/{rel}","templated":true}]}}